digit of x?
3
Let g = 134 - 132. Suppose 17*k - 16682 = -g*k. What is the units digit of k?
8
Suppose 3*h + 46*x - 51*x - 13 = 0, -2*h - 2*x = -30. Suppose -1501 = -h*c + 9686. What is the units digit of c?
7
Let w be 0/(1 - -1 - 4). Let t be w/(-3 - 5/(-5)). Suppose t*k = -2*k + 128. What is the units digit of k?
4
Suppose 5*y - 3*o - 123264 = 0, 694*o + 2 = 695*o. What is the hundreds digit of y?
6
Let m be (-16)/(30/(-3960)*(-3)/(-7)). Suppose -7*k - 1962 = -2*n - 10*k, 0 = -5*n + 4*k + m. What is the units digit of n?
4
Let s(x) = x**3 + 18*x**2 + 2*x + 44. Let n be s(-18). Suppose -2*d = -n*d - 2*d. Suppose -5*v + 86 + 319 = d. What is the tens digit of v?
8
Let g(l) = 4051*l + 1775. What is the ten thousands digit of g(3)?
1
Suppose -112300 = -13*v - 17374. What is the thousands digit of v?
7
Let k = 16159 + -56. What is the thousands digit of k?
6
Let u(f) = f**2 + 1. Let y(g) = -9*g - 16. Suppose -11*s + 52 = 2*s. Let i(r) = s*u(r) - y(r). What is the units digit of i(-8)?
4
Suppose -3*t - j + 38 = -218, 5*j + 148 = 2*t. Suppose -4*u = -3*b + 1103, -2*b + 360 + 380 = 2*u. Suppose 3*d - b = -t. What is the units digit of d?
5
Let h(i) = i + 4. Suppose 1 = 18*j - 17*j. Let f be h(j). Suppose 5*v + 2*m = 586, -f*m + 0*m = v - 108. What is the units digit of v?
8
Suppose -475 = 9*j + 83. Let g = -4 - j. What is the units digit of g?
8
Suppose 3*m + m = 7180. Suppose m = 6*b - 365. Suppose 0*j - 4*j = -b. What is the units digit of j?
0
Let r = -26 - -24. Let i be 1/((-7)/r - 3). What is the units digit of 615/(-15)*(-2)/i?
1
Let n(a) = 3*a + 47. Let y be n(-10). Suppose 3*z + 11 = y. Suppose -249 = -z*k - 5*x + 2*x, -406 = -3*k + 2*x. What is the units digit of k?
2
Let g(j) = -j**2 + 5*j + 18. Let a be g(8). Let c be a*-1*(-39)/(-6). Suppose -p - c + 111 = 0. What is the units digit of p?
2
Let h(j) = 4*j**2 - j. Let k be h(1). Suppose -4*r = -3*r - k. Suppose -r*m - 87 = -294. What is the units digit of m?
9
Let c = -6 + 9. Let w be 1 + (-4 - -14) - c. Let f = w - -10. What is the units digit of f?
8
Let r(k) = 4*k + 2. Let h(o) = 59*o - 34. Let u be h(14). Let s be (-2)/(-9) - u/(-81). What is the tens digit of r(s)?
4
Suppose 0 = -4*t + 2*t - 2. Let r be (-200)/72 + 7/9 + t. What is the hundreds digit of (0 + 14)*r*36/(-7)?
2
Let w(h) = -32*h - 64. Let o(d) = -11*d - 21. Suppose 28*q + 20 = 33*q. Let z(i) = q*w(i) - 11*o(i). What is the units digit of z(-12)?
9
Let j(g) = -9*g**3 - 22*g**2 - 16*g - 78. What is the hundreds digit of j(-6)?
1
Suppose -c = 0, -k + 4*k - 6 = -5*c. What is the units digit of (3/(-12) + k)/(3/84)?
9
Suppose -4*x + 20090 = -2*x - 5*z, x - 10047 = 3*z. What is the units digit of x?
5
Let a = 12563 + -7695. Suppose -2*t - 12*o + 2455 = -17*o, 0 = 4*t + 4*o - a. What is the hundreds digit of t?
2
Suppose d - 169 = -0*d. Suppose -229*q + 152*q + 462 = 0. Suppose 0 = q*k - d - 17. What is the units digit of k?
1
Let z(s) = -196*s + 79. Let w be z(6). Let k = -284 - w. What is the tens digit of k?
1
Suppose 0 = 7*z - 4*z - 12. Suppose 0*q - 3*q = 3*c, 4*c = z. Let k = 41 - q. What is the tens digit of k?
4
Let i = 493 - 198. Suppose -2*d + i = -4*w + 1763, -4*w + 5*d + 1468 = 0. What is the tens digit of w?
6
Let a(z) = 15*z + 11*z - 32*z**3 + 6*z**2 - 10*z + 31*z**3 - 30. What is the thousands digit of a(-10)?
1
Suppose 3*l + c = 30990, -4257 - 16423 = -2*l + 6*c. What is the tens digit of l?
3
Let m be -2 - -5*(420 - -10). Suppose -3*d + a - 4*a - 1608 = 0, -4*a = 0. What is the hundreds digit of 1/(-4 - m/d)?
1
Let j be 644/6*6*(-8 + 16). Let m = j - 3267. What is the units digit of m?
5
Let j = 294 + -258. Suppose 35*u = j*u - 48. What is the units digit of u?
8
Suppose -3*w + 571 + 434 = 0. Suppose w*f - 342*f + 6118 = 0. What is the units digit of f?
4
Suppose -18*q + 137692 - 126135 + 199979 = 0. What is the thousands digit of q?
1
Suppose 0 = -5*n + 794 - 274. Suppose -354 = -7*z + 5*z. Let t = z - n. What is the tens digit of t?
7
Suppose -20 = 4*f, -2*b + 2*f = 3*b - 27390. Suppose 4*r - o - o = b, 5*r + 5*o - 6860 = 0. What is the units digit of r?
0
Suppose -42*b + 861186 + 1757304 = 0. What is the hundreds digit of b?
3
Let y be 220/165*(-39)/(-2). Suppose 5*o - 6839 = -3*p, 21*p - y*p = -4*o + 5486. What is the hundreds digit of o?
3
Let s(j) = 6*j**2 - 69*j - 64. Let p(u) = -6*u**2 + 73*u + 64. Let h(m) = -7*p(m) - 6*s(m). What is the thousands digit of h(28)?
1
Let b(o) = 12*o**3 + 5*o**2 + 6*o + 3. Let y(s) = -12*s**3 - 4*s**2 - 5*s - 2. Let p(n) = 2*b(n) + 3*y(n). What is the tens digit of p(-1)?
1
Suppose -8*w = -17*w - 396. Let d = w - -55. Suppose 16 = -9*a + d*a. What is the units digit of a?
8
Let i = 18 - 15. Suppose -3*j - 4*f + 5*f + 39 = 0, -5*j = i*f - 79. Suppose 3*g = -j + 89. What is the tens digit of g?
2
Suppose 803*x - 799*x = -u + 18161, 0 = -4*x + 2*u + 18146. What is the units digit of x?
9
Suppose -g - 3*f + 541 = -644, g + 5*f - 1181 = 0. Let m = g - 647. What is the units digit of m?
4
Let o = 1336 + -147. Let x = o + -630. Let u = x - 322. What is the tens digit of u?
3
Let z be ((-597)/(-6) - 7)/((-2)/(-560)). Suppose -41*p + z = -16*p. What is the hundreds digit of p?
0
Let p = 17 - -83. Suppose -140 = -3*q - 4*d, 2*q + 2*d - p = d. Let k = 6 + q. What is the tens digit of k?
5
Let a(k) = 3*k**2 - 5*k - 60. Let m be a(-5). Let y = m - 3. What is the tens digit of y?
3
Let z = 111 - 100. Suppose -z*j + 9543 = -4438. What is the tens digit of j?
7
What is the ten thousands digit of (-24 - (-815 - -51))/((-46)/(-44) - 1)?
1
Let r be (-3672)/(-15) - (-4)/20. Let o be (26/(-4))/((-20)/10)*80. Suppose 5*m - 5*g = o, -m - 2*g - r = -6*m. What is the tens digit of m?
4
Suppose 4*s = 2*o - 2794, -27*o + 5*s + 9761 = -20*o. What is the thousands digit of o?
1
What is the hundreds digit of (-4 - 87608/(-40)) + 1/(-5)?
1
Suppose 0 = -4*c + 5*c + 5*t + 29, 25 = -5*t. Let r be c + 3 + 0 - -2. What is the hundreds digit of (2 - r)/(2/234)?
1
Suppose 2*y - 3426 = -q, 3*q - 2*y = -4*y + 10290. Suppose q = -7*l - 4394. What is the units digit of -1 + l/(-9) + (-4)/18?
3
Suppose 0 = 59*o - 393*o + 20*o + 9967616. What is the units digit of o?
4
Let n(f) = -1786*f - 1576. What is the thousands digit of n(-25)?
3
Let n be 2/(-7) - (-16540)/70. Suppose -3*d = -2*t + 389, -3*t + 3*d = -n - 352. What is the tens digit of t?
9
Suppose 10507564 = 296*o - 1163420. What is the thousands digit of o?
9
Suppose 0 = -3*a + 7*a - 6356. Let u = a - 1064. Suppose u = 6*f - 171. What is the tens digit of f?
1
Let j(i) = 13*i**2 + 0*i**3 + i**3 - 13*i**2 - 1. Let o be j(-1). What is the tens digit of (12/(-21))/o - 5248/(-56)?
9
Suppose -31*n - 88975 = -557974. What is the units digit of n?
9
Let o = 477 + -757. Let f = o - -564. What is the units digit of f?
4
Suppose 0 = 27*f - 32*f - 5*i + 273815, -2*i + 219056 = 4*f. What is the units digit of f?
5
Let j = -74 + 20. Let c = j - -57. Suppose -c*i + 63 + 315 = 0. What is the tens digit of i?
2
Suppose 0 = 29*s - 26*s - 42. Suppose 4 = -13*c + s*c. Suppose 90 = t + c*t. What is the tens digit of t?
1
Suppose 5*z - 63103 = 26*r - 23*r, 0 = 4*z - 3*r - 50483. What is the thousands digit of z?
2
Let a(w) be the third derivative of -w**5/60 - 7*w**4/12 - 11*w**3/6 - w**2. Let k be (-11 - 0) + (-4 - -3). What is the units digit of a(k)?
3
Suppose -262 = 10*p + 228. Let k = 47 + p. What is the tens digit of 0/(-7) - 160/k?
8
What is the thousands digit of 2*(-7)/2 + (4569 - 11)?
4
Let c(p) = 2*p**3 + 2*p**2 - p. Let x be c(-2). Let f be 3*2/x*-5. Suppose -103 = -f*n + 22. What is the tens digit of n?
2
What is the thousands digit of 150/(-975) + (-432984)/(-39)?
1
Let f(s) = -s**3 + 18*s**2 - 13*s + 22. Let o be f(9). Suppose -6*b = -o - 380. Let a = b - 77. What is the tens digit of a?
9
Suppose -11*c - 8 = -15*c. Suppose -454 = -4*l + c. Suppose -2*s + 4*n + 0*n + l = 0, 4*s - 237 = 5*n. What is the units digit of s?
3
Let c(y) = -11*y - 7. Let o = 15 + 4. Suppose 20 + o = -4*j - 5*u, 2*u - 46 = 4*j. What is the units digit of c(j)?
4
Let z = -154 - -154. Suppose -97 = -b + j, -b + z*b - j + 87 = 0. What is the units digit of b?
2
Let d = 41680 - 23355. What is the units digit of d?
5
Suppose 0 = -3*c + 17*h - 12*h + 35285, 10*c - 117646 = 2*h. What is the 